 thousands digit of 2137?
2
What is the hundreds digit of 546?
5
What is the thousands digit of 5859?
5
What is the tens digit of 147?
4
What is the tens digit of 6150?
5
What is the units digit of 1022?
2
What is the ten thousands digit of 16909?
1
What is the tens digit of 2764?
6
What is the tens digit of 21612?
1
What is the units digit of 2273?
3
What is the ten thousands digit of 17973?
1
What is the tens digit of 926?
2
What is the tens digit of 4719?
1
What is the tens digit of 495?
9
What is the ten thousands digit of 48180?
4
What is the tens digit of 598?
9
What is the thousands digit of 38870?
8
What is the thousands digit of 1079?
1
What is the units digit of 34946?
6
What is the units digit of 947?
7
What is the units digit of 120?
0
What is the units digit of 394?
4
What is the hundreds digit of 376?
3
What is the hundreds digit of 79254?
2
What is the hundreds digit of 60304?
3
What is the units digit of 10459?
9
What is the tens digit of 1852?
5
What is the ten thousands digit of 76778?
7
What is the thousands digit of 3431?
3
What is the hundreds digit of 1296?
2
What is the thousands digit of 10417?
0
What is the hundreds digit of 181?
1
What is the hundreds digit of 657?
6
What is the units digit of 25533?
3
What is the ten thousands digit of 31844?
3
What is the units digit of 63?
3
What is the hundreds digit of 1245?
2
What is the ten thousands digit of 20351?
2
What is the thousands digit of 2044?
2
What is the units digit of 850?
0
What is the tens digit of 17427?
2
What is the hundreds digit of 1146?
1
What is the hundreds digit of 3773?
7
What is the thousands digit of 5538?
5
What is the hundreds digit of 6396?
3
What is the units digit of 8609?
9
What is the hundreds digit of 7854?
8
What is the hundreds digit of 12812?
8
What is the units digit of 390?
0
What is the ten thousands digit of 66873?
6
What is the units digit of 2471?
1
What is the units digit of 481?
1
What is the hundreds digit of 5421?
4
What is the ten thousands digit of 67256?
6
What is the ten thousands digit of 12705?
1
What is the hundreds digit of 372?
3
What is the hundreds digit of 745?
7
What is the tens digit of 24633?
3
What is the units digit of 63922?
2
What is the units digit of 34285?
5
What is the units digit of 9586?
6
What is the thousands digit of 1434?
1
What is the ten thousands digit of 12737?
1
What is the units digit of 397?
7
What is the tens digit of 104?
0
What is the units digit of 25391?
1
What is the units digit of 10816?
6
What is the hundreds digit of 9931?
9
What is the thousands digit of 1201?
1
What is the hundreds digit of 645?
6
What is the units digit of 9980?
0
What is the hundreds digit of 325?
3
What is the hundreds digit of 11704?
7
What is the thousands digit of 11805?
1
What is the thousands digit of 7133?
7
What is the tens digit of 628?
2
What is the hundreds digit of 2408?
4
What is the ten thousands digit of 36592?
3
What is the thousands digit of 56102?
6
What is the tens digit of 408?
0
What is the thousands digit of 7736?
7
What is the units digit of 1984?
4
What is the tens digit of 1271?
7
What is the thousands digit of 15185?
5
What is the thousands digit of 20358?
0
What is the units digit of 5158?
8
What is the units digit of 18221?
1
What is the tens digit of 1027?
2
What is the hundreds digit of 17632?
6
What is the units digit of 2336?
6
What is the hundreds digit of 4768?
7
What is the hundreds digit of 746?
7
What is the thousands digit of 51141?
1
What is the tens digit of 14673?
7
What is the units digit of 6?
6
What is the tens digit of 1988?
8
What is the hundreds digit of 3644?
6
What is the hundreds digit of 124476?
4
What is the units digit of 32289?
9
What is the hundreds digit of 914?
9
What is the hundreds digit of 245?
2
What is the units digit of 1197?
7
What is the hundreds digit of 150?
1
What is the hundreds digit of 882?
8
What is the units digit of 5555?
5
What is the tens digit of 231?
3
What is the ten thousands digit of 94440?
9
What is the units digit of 38064?
4
What is the tens digit of 350?
5
What is the units digit of 672?
2
What is the thousands digit of 2476?
2
What is the thousands digit of 3787?
3
What is the thousands digit of 1225?
1
What is the thousands digit of 10704?
0
What is the hundreds digit of 7946?
9
What is the units digit of 20462?
2
What is the hundreds digit of 12160?
1
What is the hundreds digit of 1061?
0
What is the thousands digit of 21659?
1
What is the hundreds digit of 27233?
2
What is the units digit of 2546?
6
What is the ten thousands digit of 61791?
6
What is the hundreds digit of 13029?
0
What is the hundreds digit of 429?
4
What is the hundreds digit of 31636?
6
What is the tens digit of 33049?
4
What is the tens digit of 1911?
1
What is the units digit of 15665?
5
What is the hundreds digit of 35732?
7
What is the units digit of 15218?
8
What is the thousands digit of 58011?
8
What is the units digit of 1125?
5
What is the thousands digit of 1250?
1
What is the ten thousands digit of 12293?
1
What is the tens digit of 1665?
6
What is the ten thousands digit of 10223?
1
What is the hundreds digit of 11527?
5
What is the units digit of 480?
0
What is the units digit of 3498?
8
What is the tens digit of 1658?
5
What is the hundreds digit of 1953?
9
What is the hundreds digit of 58539?
5
What is the thousands digit of 13883?
3
What is the hundreds digit of 2217?
2
What is the tens digit of 1982?
8
What is the units digit of 1394?
4
What is the thousands digit of 34166?
4
What is the units digit of 4970?
0
What is the hundreds digit of 9393?
3
What is the ten thousands digit of 20898?
2
What is the thousands digit of 5284?
5
What is the tens digit of 59596?
9
What is the units digit of 59?
9
What is the ten thousands digit of 52639?
5
What is the ten thousands digit of 82810?
8
What is the units digit of 56601?
1
What is the units digit of 35891?
1
What is the units digit of 1155?
5
What is the tens digit of 3573?
7
What is the units digit of 15561?
1
What is the tens digit of 2273?
7
What is the tens digit of 78969?
6
What is the units digit of 1937?
7
What is the ten thousands digit of 23242?
2
What is the tens digit of 10047?
4
What is the units digit of 55464?
4
What is the units digit of 26987?
7
What is the hundreds digit of 2874?
8
What is the units digit of 1601?
1
What is the tens digit of 155570?
7
What is the units digit of 16891?
1
What is the tens digit of 14285?
8
What is the ten thousands digit of 152127?
5
What is the thousands digit of 5729?
5
What is the units digit of 589?
9
What is the units digit of 1960?
0
What is the units digit of 10077?
7
What is the ten thousands digit of 55617?
5
What is the tens digit of 5630?
3
What is the tens digit of 6381?
8
What is the ten thousands digit of 60522?
6
What is the thousands digit of 40468?
0
What is the units digit of 4737?
7
What is the hundreds digit of 33493?
4
What is the thousands digit of 5614?
5
What is the thousands digit of 29295?
9
What is the thousands digit of 25032?
5
What is the hundreds digit of 24062?
0
What is the thousands digit of 26459?
6
What is the thousands digit of 2841?
2
What is the tens digit of 260?
6
What is the tens digit of 926?
2
What is the thousands digit of 78601?
8
What is the ten thousands digit of 27583?
2
What is the hundreds digit of 11886?
8
What is the tens digit of 5795?
9
What is the units digit of 774?
4
What is the tens digit of 1426?
2
What is the units digit of 3160?
0
What is the units digit of 8365?
5
What is the hundreds digit of 1922?
9
What is the thousands digit of 5467?
5
What is the tens digit of 55230?
3
What is the units digit of 13925?
5
What is the hundreds digit of 2000?
0
What is the tens digit of 5102?
0
What is the tens digit of 94371?
7
What is the hundreds digit of 10012?
0
What is the tens digit of 10948?
4
What is the units digit of 4593?
3
What is the thousands digit of 61851?
1
What is the units digit of 37589?
9
What is the units digit of 4655?
5
What is the units digit of 5015?
5
What is the hundreds digit of 9671?
6
What is the tens digit of 7115?
1
What is the ten thousands digit of 35484?
3
What is the hundreds digit of 65406?
4
What is the hundreds digit of 69129?
1
What is the units digit of 1